False
Let w(m) = -15*m - 82. Let b be w(-29). Suppose 3*i = 3*n - 0*i - 357, -b = -3*n + 4*i. Is n composite?
True
Suppose -4*l - 12 = -28. Suppose -l*x + 7301 = 3*x. Is x a prime number?
False
Let v be 5/(-3)*(-6)/(-15)*15. Let c = 33 + v. Is c a composite number?
False
Is (-108)/(-288) - 27109/(-8) prime?
True
Suppose 11*j - 10*j - 2174 = n, -3*j + 4*n + 6517 = 0. Is j prime?
True
Suppose -k - l = -14, -2*k + 10 = l - 17. Let m(q) = -4*q + 38. Let i be m(11). Let d = k - i. Is d a composite number?
False
Let o = -15 - 2. Let d = o - -17. Suppose 5*a - 117 = -d*w - 4*w, 4*a - 99 = -5*w. Is a a composite number?
True
Suppose -3*v - 4*p + 38 = 0, -4*v - p - 5 + 34 = 0. Suppose -v*m = -3*m - 159. Is m composite?
False
Is 195538/28 - (-4)/(-8) a prime number?
True
Suppose g - 4*d = -3*g + 720, -879 = -5*g - 2*d. Suppose -g = 5*w - 42. Let h = 132 - w. Is h prime?
False
Let d(l) = -12*l**2 - 2*l + 13. Let k(m) = -m**3 - m**2 + m. Let r(x) = -d(x) - k(x). Is r(-12) a prime number?
False
Let t(s) = -30*s**3 + 7*s**2 + s - 3. Let g be t(-5). Suppose -588 = -5*w + g. Is w a prime number?
False
Suppose 0 = -3*w + 5*k + 14, 4*w - k - 9 = -4*k. Suppose 4*n - 5 = w*n. Suppose -5*r + v + 159 = 5*v, -n*r + 171 = v. Is r composite?
True
Suppose -x + 2 = -2. Let t be x/(-10) + (-2)/(-5). Suppose -8 = 4*v, t*y - 5*v + 111 = y. Is y a prime number?
False
Suppose 0 = 6*c - 814 - 2216. Is c prime?
False
Let b be (36/(-7))/((-10)/35). Let n(r) = -r**2 + 21*r + 11. Let o be n(b). Suppose 3*m - 370 = o. Is m composite?
True
Let i(f) = 41*f**2 + 24*f + 218. Is i(-7) prime?
False
Let p be -10*((-186)/(-5) + -4). Let x = -1 - p. Is x a prime number?
True
Let l(h) = 1 - 5 - 2 - 3 - 7*h. Is l(-6) prime?
False
Is 4645 - 30/5*(-4)/6 composite?
False
Suppose 3*m = -g - 0*m + 545, -3*g + m = -1675. Is g a prime number?
True
Let w(h) = h**3 - h**2 + h + 5. Let z be w(0). Let s be (2 - -2)/2 - z. Is (-1)/s*(-1161)/(-9) a composite number?
False
Let q = 8 - 6. Let d be ((-21)/6)/((-1)/q). Suppose 10*g - 165 = d*g. Is g composite?
True
Let f = 6 + -4. Let q(j) = -7*j + 2*j - j**f + 5 + 8*j**2. Is q(4) composite?
False
Suppose -q - 22 = -24. Let v = 3 - 0. Suppose q*t = 2*j - v*j + 740, -j - 2 = 0. Is t a prime number?
False
Suppose -16 = -3*r - r. Suppose r = -5*s - 4*i, 5*s = 3*s - 4*i - 4. Suppose 4*n = -2*h + 1794, n - 2*h = -s*h + 441. Is n a composite number?
True
Let g = -83 - -33. Is (37986/15)/((-20)/g) a composite number?
True
Let u(l) = l**3 - 6*l**2 - l + 6. Let q be u(6). Suppose -v + z - 4*z + 1867 = q, -5*v - z + 9335 = 0. Is v a prime number?
True
Let x = -24 - -25. Suppose -12 = -c - x. Is c a prime number?
True
Let u(y) = -120*y. Let i be u(-2). Let g = i - 79. Is g a composite number?
True
Suppose m - 2*m + 4 = 0. Is 308 + (-1 - 3)/m prime?
True
Suppose -x + 13 - 20 = 0. Is ((-154)/(-21))/(x/((-2121)/2)) prime?
False
Let q = 30800 - 21561. Is q a composite number?
False
Suppose 9 = 2*j - z, 5*z - 20 = -5*j + 40. Let o(c) = 18*c + j - 2 + 14. Is o(16) a prime number?
True
Let w be 3 - (-4 + 5)/(2/(-522)). Suppose -u + w + 179 = 0. Is u prime?
True
Let n = 11 + 1496. Is n prime?
False
Let j(u) be the second derivative of -10*u**3 + 59*u**2/2 + 26*u. Is j(-6) a composite number?
False
Let p(a) = 17*a + 14. Let f = -24 + 31. Is p(f) a prime number?
False
Suppose -t - 2*b + 39548 = -5*b, -5*b + 25 = 0. Is t a prime number?
True
Let i(k) = 30*k**3 - 8*k**2 + 2*k + 7. Is i(9) prime?
True
Let x(t) = 13*t**3 + 5*t**2 + t + 7. Let s be x(6). Suppose 919 = -6*n + s. Is n a composite number?
False
Let z(j) = 2*j**3 - 5*j**2 + 3*j + 2. Let x be z(3). Suppose -x*w - 265 = -21*w. Is w prime?
False
Let o = -602 - -1650. Suppose 0 = -2*u + 5*p + 1027, -p = 2*u + p - o. Is u a prime number?
True
Let y = 3 - -2. Let m = y - 5. Suppose m = -4*f + 2*f + 2386. Is f a composite number?
False
Let v = 52 - 42. Suppose s = -s - v, 4*s = -c + 767. Is c prime?
True
Is (251/1)/((-19)/(-779)) composite?
True
Is (0 + -2)*(-31988)/8 a composite number?
True
Suppose 132723 = -151*u + 854050. Is u prime?
False
Let l be -1 + 3 + -3 + 2 - -15. Suppose 12*p = l*p - 4652. Is p prime?
True
Let q = -71535 + 106564. Is q composite?
True
Let t(q) = -2*q + 23. Let y be t(9). Suppose 750 = y*m - 5*h, -m + 3*h = -3*m + 295. Is m a composite number?
False
Suppose 2*v - v - 26481 = -4*z, -4*v + 6639 = z. Is z a prime number?
True
Let q(x) = 17*x**2 - 4. Let r = -8 + 11. Is q(r) prime?
True
Suppose 4*a + a - u = 10893, 0 = a - u - 2177. Is a a prime number?
True
Suppose -30*n + 29*n + 44221 = 0. Is n a prime number?
True
Let x(m) = 3*m**2 + 17*m + 21. Suppose -i = -4*d + 1 + 2, 3*d - 4*i + 14 = 0. Suppose 2*u = d*f + 2*f + 54, 6 = -f + 2*u. Is x(f) a prime number?
False
Let u(s) = -s**3 + 6*s**2 + s - 1. Let v(y) = -y**2. Let c(f) = -u(f) - v(f). Suppose 5*d = 3*m + 33, 0*d + 4*m = -4*d + 20. Is c(d) a prime number?
True
Let x(v) = -6*v**2 + 9. Let i be x(-6). Is i/6*(-2)/3 a composite number?
False
Let z(h) = h**3 + 3*h**2 - 2*h - 1257. Let p(s) = -2*s**3 - 7*s**2 + 5*s + 2515. Let y(l) = -2*p(l) - 5*z(l). Is y(0) a composite number?
True
Let s = -68 + 213. Let l be 2/8 - 1/4. Suppose -5*b + s + 20 = l. Is b composite?
True
Let u = -79888 + 155681. Is u a composite number?
False
Suppose 2*v = 3321 + 1331. Let t = v - 1175. Is t a composite number?
False
Let y be 2/(((-28)/(-18))/7). Let t = 13 - y. Suppose t*z - 2*w + 0*w - 1348 = 0, 0 = 3*z + 3*w - 1011. Is z composite?
False
Let p(m) be the first derivative of -m**3/3 - 19*m**2/2 - 17*m + 5. Is p(-16) prime?
True
Suppose 6*a - 7529 = -935. Is a a prime number?
False
Suppose -o - 3 = 18. Let m = 30 + o. Let k = m - -22. Is k a prime number?
True
Let k(u) = u**2 - 3*u - 14. Let s(g) = -g**2 + 3*g + 13. Let t(h) = 3*k(h) + 4*s(h). Let q be t(6). Let b = 7 - q. Is b composite?
True
Let a(h) = -16*h - 28. Let l be a(-2). Suppose 5*m - 5234 = -r + 3559, l*m + r - 7034 = 0. Is m a prime number?
True
Let v be -1*1 - (-2 - 4). Let h(x) be the third derivative of 31*x**4/24 + 4*x**3/3 + x**2. Is h(v) a composite number?
False
Suppose -6*v + 100 + 98 = 0. Suppose -95 + v = -2*y. Is y a composite number?
False
Is 8/(-36) - 6264160/(-72) - -3 composite?
True
Let m be (-1 + 5)*1*1. Suppose -3*x - v - 4*v + 480 = 0, 611 = m*x - 3*v. Is x composite?
True
Let k = -29 + 33. Suppose -k*d + 18 - 6 = 0. Suppose d*m = -49 + 646. Is m composite?
False
Let g(h) = 3*h - 1. Suppose 2*n = -0*n + 4. Let x be g(n). Suppose -5*p + 5*c + 7 = -153, x*p - 3*c - 170 = 0. Is p composite?
False
Let l be -4 + (425 + 1)/2. Suppose 4*p + l = u, 3*u - p = 2*p + 618. Is u a composite number?
True
Suppose 347649 = 43*c - 572164. Is c prime?
True
Let s = 12198 + 16121. Is s a composite number?
False
Let k(f) = 6*f**2 - 3*f + 7. Let t(m) = -2*m**2 + 3*m - 3. Let l be t(2). Let x be k(l). Suppose 668 = 4*y + 2*r, 506 = 2*y + 4*r + x. Is y a prime number?
True
Suppose 0 = -4*j - 7 - 5, -3*h + 3*j = 780. Let r = h - -609. Is r composite?
True
Let p(g) = 122*g + 7*g + 2 + 2. Is p(7) a composite number?
False
Let b be 6/36 + 17/6. Suppose -b*q = 0, 4*m = m + 3*q + 327. Is m a prime number?
True
Let d(w) be the second derivative of w**3/3 + 653*w**2/2 - 13*w. Is d(0) a composite number?
False
Let l = -34 + 41. Let o(q) = 2*q - 8. Is o(l) composite?
True
Suppose -o - 35 + 37 = 0. Suppose -q + 24 = 3*q. Suppose q*j = o*j + 308. Is j prime?
False
Let r = 9 - 8. Let f(g) = 2*g - 7*g - 2 + g**3 - 3 - 3*g**2 - r. Is f(5) composite?
False
Let j(i) = i + 4. Let s be j(-8). Let u(p) = -p**2 - 2*p - 2. Let r be u(s). Let g(m) = -m + 9. Is g(r) composite?
False
Let p be (-16)/(-10)*65/26. Suppose 2*l - 920 = 4*v + 482, 0 = -5*l - p*v + 3505. Is l prime?
True
Let r = 214 + 21. Suppose 648 = i + r. Is i a composite number?
True
Suppose 4*n - 122532 = -4*r, 4*r - 35*n - 122526 = -36*n. Is r a composite number?
False
Let k(m) = m**3 + 9*m**2 - 5*m - 1. Let c be k(-9). Let x be 21 - 1*(0 - 2). Let t = c - x. Is t a composite number?
True
Let d(o) = 0 + 3 + 1 + 3 + 24*o. Is d(5) prime?
True
Let h = -886 + 343. Let y = h + 874. Is y a composite number?
False
Suppose -3*y + 169 = 2*g - 19, 3*g - 3*y = 282. Let d be ((-82)/8)/((-11)/(-44)). Let x = d + g. Is x a prime number?
True
Let u(x) = x**2 + 76*x + 67. Is u(26) 